git of 112051?
5
What is the units digit of 837?
7
What is the hundreds digit of 9937?
9
What is the hundreds digit of 2166?
1
What is the units digit of 1769?
9
What is the ten thousands digit of 12751?
1
What is the tens digit of 2756?
5
What is the units digit of 12313?
3
What is the units digit of 11388?
8
What is the hundreds digit of 9955?
9
What is the ten thousands digit of 161873?
6
What is the thousands digit of 1854?
1
What is the hundreds digit of 28360?
3
What is the thousands digit of 3348?
3
What is the hundreds digit of 456?
4
What is the thousands digit of 2947?
2
What is the tens digit of 8626?
2
What is the hundreds digit of 5605?
6
What is the units digit of 8632?
2
What is the tens digit of 54?
5
What is the ten thousands digit of 11396?
1
What is the tens digit of 7699?
9
What is the units digit of 362?
2
What is the tens digit of 481?
8
What is the units digit of 1247?
7
What is the hundreds digit of 2366?
3
What is the tens digit of 881?
8
What is the units digit of 19851?
1
What is the ten thousands digit of 18065?
1
What is the tens digit of 1385?
8
What is the units digit of 970?
0
What is the hundreds digit of 142563?
5
What is the thousands digit of 1262?
1
What is the thousands digit of 3280?
3
What is the tens digit of 1124?
2
What is the hundreds digit of 4695?
6
What is the tens digit of 1064?
6
What is the tens digit of 703?
0
What is the hundreds digit of 143100?
1
What is the tens digit of 7412?
1
What is the thousands digit of 43830?
3
What is the thousands digit of 3564?
3
What is the thousands digit of 17250?
7
What is the hundreds digit of 5237?
2
What is the ten thousands digit of 79767?
7
What is the thousands digit of 1084?
1
What is the tens digit of 56238?
3
What is the tens digit of 12259?
5
What is the hundreds digit of 4213?
2
What is the tens digit of 389?
8
What is the units digit of 184?
4
What is the tens digit of 9597?
9
What is the ten thousands digit of 73931?
7
What is the tens digit of 1422?
2
What is the tens digit of 6084?
8
What is the units digit of 54548?
8
What is the units digit of 694?
4
What is the units digit of 16308?
8
What is the hundreds digit of 5122?
1
What is the thousands digit of 2451?
2
What is the thousands digit of 57060?
7
What is the hundreds digit of 95891?
8
What is the hundreds digit of 4735?
7
What is the tens digit of 7854?
5
What is the tens digit of 583?
8
What is the units digit of 2069?
9
What is the hundreds digit of 516?
5
What is the units digit of 2933?
3
What is the thousands digit of 5550?
5
What is the ten thousands digit of 38052?
3
What is the hundreds digit of 6378?
3
What is the tens digit of 383?
8
What is the units digit of 74372?
2
What is the hundreds digit of 2121?
1
What is the tens digit of 85?
8
What is the tens digit of 6834?
3
What is the hundreds digit of 8785?
7
What is the thousands digit of 4046?
4
What is the hundreds digit of 856?
8
What is the hundreds digit of 217?
2
What is the thousands digit of 4874?
4
What is the tens digit of 33730?
3
What is the tens digit of 18123?
2
What is the units digit of 1655?
5
What is the hundreds digit of 169970?
9
What is the tens digit of 4211?
1
What is the tens digit of 5404?
0
What is the units digit of 8088?
8
What is the units digit of 31801?
1
What is the thousands digit of 146574?
6
What is the hundreds digit of 701?
7
What is the units digit of 18230?
0
What is the hundreds digit of 936?
9
What is the tens digit of 215?
1
What is the thousands digit of 17093?
7
What is the thousands digit of 6319?
6
What is the units digit of 276?
6
What is the thousands digit of 34366?
4
What is the tens digit of 1944?
4
What is the hundreds digit of 6609?
6
What is the hundreds digit of 7915?
9
What is the units digit of 254?
4
What is the hundreds digit of 708?
7
What is the hundreds digit of 3381?
3
What is the units digit of 1222?
2
What is the tens digit of 839?
3
What is the units digit of 89?
9
What is the tens digit of 764?
6
What is the hundreds digit of 70477?
4
What is the tens digit of 1067?
6
What is the thousands digit of 36007?
6
What is the thousands digit of 29853?
9
What is the hundreds digit of 1563?
5
What is the tens digit of 22387?
8
What is the thousands digit of 3401?
3
What is the hundreds digit of 488?
4
What is the tens digit of 92284?
8
What is the units digit of 1381?
1
What is the tens digit of 60801?
0
What is the units digit of 4642?
2
What is the hundreds digit of 731?
7
What is the units digit of 1477?
7
What is the hundreds digit of 1691?
6
What is the tens digit of 26163?
6
What is the thousands digit of 169787?
9
What is the units digit of 1331?
1
What is the units digit of 186?
6
What is the tens digit of 2624?
2
What is the hundreds digit of 1582?
5
What is the tens digit of 1374?
7
What is the tens digit of 1738?
3
What is the units digit of 4414?
4
What is the hundreds digit of 50472?
4
What is the hundred thousands digit of 123375?
1
What is the tens digit of 3025?
2
What is the units digit of 1356?
6
What is the units digit of 4596?
6
What is the units digit of 50274?
4
What is the thousands digit of 5083?
5
What is the units digit of 27975?
5
What is the thousands digit of 1926?
1
What is the units digit of 8199?
9
What is the tens digit of 10996?
9
What is the hundreds digit of 336?
3
What is the thousands digit of 2306?
2
What is the tens digit of 538?
3
What is the units digit of 3328?
8
What is the units digit of 4660?
0
What is the hundreds digit of 213?
2
What is the thousands digit of 15572?
5
What is the hundreds digit of 5719?
7
What is the hundreds digit of 49545?
5
What is the thousands digit of 5675?
5
What is the hundreds digit of 25136?
1
What is the tens digit of 6281?
8
What is the tens digit of 29036?
3
What is the tens digit of 91742?
4
What is the hundreds digit of 2874?
8
What is the tens digit of 45652?
5
What is the hundreds digit of 523?
5
What is the hundreds digit of 2698?
6
What is the tens digit of 740?
4
What is the hundreds digit of 252?
2
What is the hundreds digit of 2286?
2
What is the hundreds digit of 1729?
7
What is the ten thousands digit of 59545?
5
What is the units digit of 1466?
6
What is the hundreds digit of 557?
5
What is the tens digit of 127644?
4
What is the thousands digit of 2389?
2
What is the thousands digit of 5517?
5
What is the thousands digit of 16604?
6
What is the tens digit of 834?
3
What is the units digit of 7361?
1
What is the thousands digit of 80446?
0
What is the hundreds digit of 1032?
0
What is the hundreds digit of 17476?
4
What is the thousands digit of 2788?
2
What is the hundreds digit of 2696?
6
What is the tens digit of 796?
9
What is the hundreds digit of 52781?
7
What is the thousands digit of 87573?
7
What is the thousands digit of 3689?
3
What is the tens digit of 6872?
7
What is the units digit of 28?
8
What is the tens digit of 2728?
2
What is the ten thousands digit of 11905?
1
What is the tens digit of 21014?
1
What is the units digit of 1054?
4
What is the hundreds digit of 1118?
1
What is the thousands digit of 1492?
1
What is the tens digit of 775?
7
What is the thousands digit of 12299?
2
What is the tens digit of 1863?
6
What is the tens digit of 2101?
0
What is the tens digit of 943?
4
What is the units digit of 59631?
1
What is the ten thousands digit of 49469?
4
What is the units digit of 419?
9
What is the tens digit of 2399?
9
What is the thousands digit of 18304?
8
What is the tens digit of 7353?
5
What is the thousands digit of 19288?
9
What is the tens digit of 1675?
7
What is the hundreds digit of 12864?
8
What is the hundreds digit of 881?
8
What is the tens digit of 9007?
0
What is the tens digit of 567?
6
What is the thousands digit of 3364?
3
What is the hundreds digit of 102893?
8
What is the units digit of 1189?
9
What is the hundreds digit of 62696?
6
What is the units digit of 2719?
9
What is the hundreds digit of 1417?
4
What is the thousands digit of 4315?
4
What is the hundreds digit of 555?
5
What is the units digit of 882?
2
What is the hundreds digit of 138126?
1
What is the tens digit of 32643?
4
What is the thousands digit of 35981?
5
What is the thousands digit of 195962?
5
What is the thousands digit of 1907?
1
What is the tens digit of 542?
4